2
Calculate the greatest common factor of 32507847 and 1917.
639
What is the greatest common factor of 85292 and 20732?
4
Calculate the greatest common factor of 7220328 and 8304.
4152
Calculate the highest common factor of 3052 and 4947074.
218
Calculate the highest common divisor of 12056 and 4412936.
88
What is the highest common factor of 760 and 94096265?
95
Calculate the greatest common divisor of 9165796 and 32964.
164
What is the highest common divisor of 8231550 and 1470?
30
Calculate the highest common factor of 4102392 and 5628.
84
What is the greatest common factor of 20617959 and 1179?
393
Calculate the highest common factor of 41245 and 435080.
365
What is the highest common factor of 37159 and 810?
1
Calculate the highest common factor of 176717 and 4453.
61
Calculate the greatest common factor of 626 and 3588541244.
626
Calculate the greatest common factor of 4846 and 38581429.
2423
What is the greatest common factor of 9560 and 5290265?
1195
What is the greatest common factor of 4023 and 6431883?
447
Calculate the greatest common divisor of 79477 and 1843190.
1691
What is the greatest common divisor of 218751 and 13529334?
2769
Calculate the highest common factor of 2512 and 125036056.
1256
What is the greatest common divisor of 52682 and 865348?
142
Calculate the highest common divisor of 3042 and 529542234.
3042
What is the highest common divisor of 9468 and 4518340?
1052
What is the greatest common divisor of 20184 and 27?
3
What is the highest common divisor of 6369 and 130256665?
2123
Calculate the highest common factor of 419807940 and 30060.
10020
What is the highest common divisor of 106549137 and 6?
3
What is the highest common divisor of 232452 and 126?
18
Calculate the highest common divisor of 32422 and 173460194.
2494
What is the greatest common factor of 880 and 8269910?
110
What is the highest common factor of 5121754 and 836?
418
Calculate the greatest common factor of 66761780 and 80.
20
Calculate the highest common divisor of 1752 and 75408.
24
What is the highest common factor of 2491740 and 349890?
3270
What is the highest common divisor of 3236 and 286328561?
809
What is the highest common divisor of 47795469 and 741?
57
What is the highest common divisor of 26546853 and 69?
69
What is the highest common divisor of 6879 and 211306829?
2293
Calculate the greatest common factor of 6666972 and 2886.
78
Calculate the greatest common divisor of 152660 and 235.
5
What is the highest common factor of 10736 and 643306?
122
Calculate the greatest common divisor of 23383682 and 392.
98
What is the highest common factor of 30932748 and 7?
7
Calculate the highest common factor of 1100 and 26387020.
220
What is the highest common factor of 65181552 and 384?
48
Calculate the highest common factor of 170 and 24490370.
170
What is the highest common factor of 216 and 1362447?
27
What is the highest common factor of 330935316 and 881?
881
What is the greatest common factor of 3200 and 48380?
20
What is the greatest common factor of 26772 and 24997596?
276
What is the highest common factor of 112 and 8785042?
14
What is the highest common factor of 67549 and 488219?
31
What is the highest common factor of 96 and 4204092?
12
Calculate the greatest common divisor of 5976 and 11243844.
2988
Calculate the highest common divisor of 9052290 and 975.
195
Calculate the highest common factor of 1004 and 42923008.
1004
Calculate the greatest common divisor of 27232 and 1034080.
736
Calculate the greatest common divisor of 13738032 and 58608.
1584
What is the highest common factor of 20885 and 27371881?
4177
What is the highest common factor of 684 and 65036012?
76
What is the greatest common factor of 302709 and 1419?
33
Calculate the greatest common factor of 12 and 61415988.
12
Calculate the highest common divisor of 674 and 49443629.
337
Calculate the greatest common factor of 30 and 15010430.
10
What is the greatest common factor of 242705 and 2140?
5
Calculate the greatest common factor of 6870 and 2425.
5
Calculate the greatest common factor of 1727890865 and 310.
155
What is the highest common divisor of 3224 and 15488408?
104
What is the highest common divisor of 19741180 and 62800?
3140
What is the highest common divisor of 7717790 and 30?
10
What is the greatest common divisor of 1107027 and 17127?
1557
Calculate the greatest common factor of 2771 and 1550293.
163
Calculate the greatest common divisor of 4909533 and 9462.
249
What is the highest common divisor of 51925 and 278225?
775
What is the highest common factor of 664 and 1845224?
8
Calculate the highest common factor of 14898955 and 1719.
191
What is the highest common factor of 1508 and 5479724?
116
Calculate the highest common factor of 2316 and 11805424.
772
Calculate the greatest common factor of 26488380 and 9180.
1020
Calculate the highest common divisor of 23859200 and 600.
200
Calculate the highest common factor of 303376745 and 105.
35
Calculate the highest common factor of 42 and 38747877.
21
Calculate the greatest common divisor of 11362 and 14729104.
494
What is the highest common factor of 3339 and 215838?
63
Calculate the highest common factor of 2183826 and 2124.
354
What is the highest common divisor of 177287952 and 9?
3
What is the greatest common divisor of 13672 and 63229582?
3418
What is the greatest common factor of 125007 and 171?
3
Calculate the greatest common divisor of 134372 and 937692.
28
Calculate the highest common divisor of 1361837 and 78146.
953
Calculate the greatest common factor of 1480 and 30557005.
185
Calculate the greatest common factor of 75 and 765447.
3
Calculate the highest common divisor of 336315 and 660.
15
Calculate the highest common divisor of 120779497 and 1658.
829
What is the highest common divisor of 2744 and 370048?
392
Calculate the highest common factor of 10426032 and 33354.
306
What is the greatest common divisor of 684107055 and 1035?
1035
Calculate the greatest common factor of 324 and 524124.
108
Calculate the greatest common divisor of 5966454375 and 25.
25
Calculate the greatest common factor of 1175340 and 768.
12
What is the highest common divisor of 123234 and 2938388?
874
Calculate the greatest common factor of 3525 and 53400.
75
What is the highest common divisor of 918 and 7773930?
306
Calculate the greatest common factor of 122244 and 44469.
183
Calculate the greatest common factor of 609977332 and 5316.
1772
What is the highest common factor of 897 and 219430731?
39
What is the highest common factor of 23170784 and 32032?
2912
Calculate the greatest common divisor of 155493 and 6513.
39
Calculate the greatest common factor of 98745 and 2797920.
435
Calculate the highest common divisor of 175 and 1398325.
25
Calculate the highest common divisor of 48736 and 845265.
1523
What is the highest common factor of 16352 and 69400?
8
Calculate the highest common factor of 571892717 and 142.
71
What is the greatest common factor of 2746155498 and 474?
474
Calculate the greatest common factor of 101237280 and 330.
30
Calculate the greatest common divisor of 1026 and 284582.
38
Calculate the greatest common divisor of 217327950 and 37800.
3150
Calculate the highest common factor of 59214 and 20590.
142
Calculate the greatest common factor of 507415936 and 64.
64
Calculate the highest common divisor of 277695 and 9435.
255
What is the greatest common factor of 2603 and 129739?
137
What is the greatest common divisor of 2616774 and 225646?
514
Calculate the greatest common factor of 104248 and 43332.
628
Calculate the greatest common divisor of 102308635 and 8417.
8417
Calculate the greatest common factor of 8834853 and 3778.
1889
What is the greatest common divisor of 321450 and 154450?
50
What is the greatest common divisor of 30060266 and 21235?
4247
What is the highest common factor of 31 and 9283725?
31
Calculate the greatest common divisor of 5395 and 552365.
415
What is the highest common factor of 386640 and 4952880?
2160
Calculate the highest common divisor of 2243752 and 507584.
5768
What is the highest common factor of 11349825 and 22200?
75
Calculate the greatest common divisor of 5166 and 44442.
18
What is the greatest common divisor of 124750 and 13147652?
998
Calculate the greatest common 